) to base 9.
101
20 (base 6) to base 13
c
What is -432 (base 6) in base 5?
-1124
Convert -10122 (base 3) to base 5.
-343
Convert -204 (base 9) to base 6.
-434
What is -11 (base 2) in base 11?
-3
Convert -10 (base 14) to base 15.
-e
What is -1 (base 2) in base 7?
-1
101 (base 3) to base 7
13
-220 (base 4) to base 10
-40
What is 13 (base 8) in base 15?
b
-52 (base 6) to base 8
-40
Convert 21 (base 7) to base 9.
16
Convert 16 (base 12) to base 13.
15
What is -211 (base 5) in base 10?
-56
What is -132 (base 4) in base 2?
-11110
2 (base 7) to base 3
2
What is -462 (base 8) in base 5?
-2211
3 (base 16) to base 7
3
107 (base 11) to base 13
9b
Convert 18 (base 14) to base 7.
31
Convert -6 (base 14) to base 11.
-6
What is -47 (base 8) in base 7?
-54
4 (base 13) to base 15
4
Convert -2a (base 12) to base 5.
-114
Convert 23 (base 7) to base 13.
14
Convert 12 (base 4) to base 6.
10
What is 12222 (base 3) in base 15?
ab
What is -34 (base 6) in base 10?
-22
-40 (base 7) to base 12
-24
What is 4 (base 6) in base 3?
11
-2 (base 11) to base 3
-2
What is -14 (base 5) in base 9?
-10
Convert -6 (base 9) to base 2.
-110
Convert -3 (base 11) to base 6.
-3
What is 211 (base 5) in base 13?
44
What is 22 (base 10) in base 4?
112
Convert 110011 (base 2) to base 10.
51
What is -120 (base 3) in base 2?
-1111
Convert -195 (base 10) to base 7.
-366
Convert -155 (base 10) to base 15.
-a5
What is 1 (base 9) in base 14?
1
Convert 16 (base 10) to base 3.
121
What is -5 (base 16) in base 5?
-10
What is -3301 (base 4) in base 2?
-11110001
-2 (base 11) to base 10
-2
What is -6 (base 15) in base 16?
-6
Convert -2 (base 7) to base 2.
-10
77 (base 15) to base 16
70
43 (base 8) to base 11
32
0 (base 15) to base 4
0
Convert 2 (base 11) to base 3.
2
What is -6 (base 14) in base 2?
-110
Convert -101 (base 5) to base 13.
-20
-7 (base 14) to base 10
-7
15 (base 8) to base 14
d
2202 (base 3) to base 8
112
-2d (base 14) to base 4
-221
-48 (base 9) to base 15
-2e
What is -3 (base 9) in base 15?
-3
Convert -414 (base 6) to base 8.
-232
7 (base 8) to base 2
111
22 (base 8) to base 7
24
What is -111202 (base 3) in base 13?
-227
2 (base 10) to base 12
2
What is 311 (base 4) in base 10?
53
Convert -123 (base 5) to base 8.
-46
122 (base 3) to base 8
21
What is -3 (base 7) in base 13?
-3
1 (base 13) to base 7
1
Convert 11 (base 11) to base 4.
30
-3 (base 5) to base 11
-3
Convert 15 (base 7) to base 16.
c
What is 22 (base 6) in base 4?
32
1000001 (base 2) to base 8
101
-4 (base 16) to base 3
-11
Convert ca (base 15) to base 13.
118
What is 10012 (base 3) in base 5?
321
What is 303 (base 4) in base 12?
43
-2 (base 11) to base 4
-2
Convert 73 (base 14) to base 3.
10202
-16 (base 11) to base 14
-13
What is 1021 (base 3) in base 4?
202
6 (base 7) to base 13
6
What is 2 (base 6) in base 12?
2
-270 (base 8) to base 13
-112
-16 (base 7) to base 10
-13
3 (base 9) to base 5
3
What is -55 (base 6) in base 9?
-38
Convert -150 (base 9) to base 6.
-330
What is 3 (base 8) in base 3?
10
-6 (base 9) to base 4
-12
What is 0 (base 9) in base 7?
0
Convert 25 (base 11) to base 8.
33
-2 (base 16) to base 8
-2
What is 101 (base 7) in base 3?
1212
Convert 1 (base 11) to base 10.
1
-312 (base 4) to base 2
-110110
What is -22 (base 9) in base 6?
-32
What is 2 (base 10) in base 6?
2
What is 0 (base 2) in base 15?
0
Convert -1 (base 16) to base 4.
-1
What is -11 (base 7) in base 13?
-8
What is -16 (base 15) in base 7?
-30
What is -32 (base 7) in base 9?
-25
Convert -10110 (base 2) to base 3.
-211
Convert 0 (base 16) to base 12.
0
Convert -5 (base 16) to base 7.
-5
What is 7 (base 16) in base 15?
7
What is 7 (base 10) in base 6?
11
Convert 24 (base 6) to base 5.
31
What is 60 (base 8) in base 16?
30
-3 (base 12) to base 15
-3
Convert 4 (base 11) to base 6.
4
1 (base 7) to base 2
1
Convert -1 (base 14) to base 6.
-1
-1 (base 12) to base 14
-1
What is -8 (base 15) in base 14?
-8
What is -20 (base 14) in base 16?
-1c
What is -25 (base 6) in base 12?
-15
1 (base 11) to base 8
1
What is -6 (base 9) in base 2?
-110
What is -2 (base 13) in base 6?
-2
31 (base 6) to base 2
10011
What is -4 (base 16) in base 5?
-4
-36 (base 7) to base 10
-27
What is 3 (base 11) in base 6?
3
1020 (base 3) to base 11
30
Convert 5 (base 15) to base 6.
5
-67 (base 12) to base 13
-61
442 (base 6) to base 9
208
What is -6 (base 12) in base 3?
-20
53 (base 9) to base 8
60
6 (base 8) to base 13
6
Convert -20 (base 9) to base 4.
-102
0 (base 8) to base 10
0
21 (base 14) to base 6
45
What is 33 (base 7) in base 14?
1a
What is 43 (base 9) in base 12?
33
Convert -14 (base 10) to base 15.
-e
Convert 115 (base 12) to base 5.
1121
6 (base 9) to base 12
6
What is 14 (base 6) in base 10?
10
Convert 1221 (base 3) to base 13.
40
-63 (base 11) to base 9
-76
Convert 221 (base 3) to base 9.
27
Convert 2 (base 4) to base 16.
2
What is -44 (base 11) in base 13?
-39
-10101 (base 2) to base 5
-41
What is -24 (base 5) in base 6?
-22
What is -2 (base 13) in base 15?
-2
Convert -29 (base 12) to base 3.
-1020
77 (base 10) to base 2
1001101
What is -84 (base 14) in base 15?
-7b
What is -1a (base 11) in base 14?
-17
Convert -22 (base 15) to base 7.
-44
-4 (base 12) to base 15
-4
Convert 163 (base 7) to base 13.
73
Convert -3 (base 9) to base 3.
-10
111101 (base 2) to base 13
49
Convert -e (base 16) to base 2.
-1110
What is 2312 (base 4) in base 9?
222
Convert -cc (base 14) to base 11.
-154
-3d (base 16) to base 3
-2021
Convert 45 (base 10) to base 2.
101101
Convert -9 (base 15) to base 8.
-11
3 (base 4) to base 15
3
-1b (base 12) to base 4
-113
Convert -43 (base 10) to base 16.
-2b
Convert 15 (base 8) to base 14.
d
Convert -1 (base 15) to base 16.
-1
Convert -10 (base 11) to base 7.
-14
-21 (base 12) to base 16
-19
Convert -2012 (base 4) to base 6.
-342
What is -2 (base 9) in base 2?
-10
-60 (base 13) to base 3
-2220
-7 (base 9) to base 5
-12
What is 1101011 (base 2) in base 11?
98
Convert 12201 (base 3) to base 13.
bb
What is -13 (base 10) in base 8?
-15
19 (base 10) to base 4
103
Convert 95 (base 10) to base 4.
1133
What is -12 (base 6) in base 8?
-10
-2a (base 11) to base 6
-52
What is -25 (base 8) in base 5?
-41
Convert -210 (base 10) to base 9.
-253
-31 (base 10) to base 5
-111
Convert -167 (base 8) to base 10.
-119
Convert 3 (base 6) to base 13.
3
Convert -10 (base 15) to base 14.
-11
Convert 51 (base 7) to base 4.
210
-a (base 12) to base 2
-1010
Convert -1133 (base 4) to base 10.
-95
What is 21 (base 14) in base 11?
27
What is 10 (base 2) in base 14?
2
Convert 87 (base 13) to base 9.
133
Convert -11 (base 2) to base 6.
-3
What is -2 (base 9) in base 5?
-2
Convert 1200 (base 3) to base 9.
50
96 (base 12) to base 3
11020
Convert 8 (base 13) to base 11.
8
Convert 1310 (base 4) to base 9.
138
Convert -87 (base 10) to base 9.
-106
-50 (base 13) to base 7
-122
What is -2 (base 11) in base 14?
-2
What is -415 (base 6) in base 2?
-10011011
What is -5 (base 13) in base 16?
-5
1 (base 9) to base 11
1
What is 10100110 (base 2) in base 9?
204
-1020 (base 3) to base 15
-23
-110101 (base 2) to base 9
-58
What is 8 (base 12) in base 13?
8
Convert 11 (base 2) to base 4.
3
What is -4 (base 10) in base 4?
-10
What is 10101 (base 2) in base 3?
210
Convert 16 (base 8) to base 15.
e
Convert 11 (base 9) to base 14.
a
What is 41 (base 11) in base 4?
231
What is 14 (base 16) in base 14?
16
Convert 2d (base 16) to base 14.
33
Convert 2 (base 4) to base 13.
2
-2 (base 15) to base 4
-2
0 (base 11) to base 12
0
What is 0 (base 16) in base 7?
0
What is 20 (base 4) in base 6?
12
What is 5 (base 6) in base 2?
101
What is -173 (base 8) in base 11?
-102
10 (base 5) to base 7
5
13 (base 15) to base 14
14
22 (base 11) to base 13
1b
Convert -6 (base 14) to base 11.
-6
Convert 9 (base 13) to base 3.
100
Convert 3 (base 6) to base 3.
10
0 (base 16) to base 5
0
-5 (base 10) to base 7
-5
What is 5 (base 6) in base 2?
101
Convert 42 (base 9) to base 8.
46
Convert -303 (base 5) to base 4.
-1032
-3 (base 14) to base 5
-3
-514 (base 8) to base 6
-1312
Convert 13 (base 7) to base 16.
a
2 (base 9) to base 11
2
What is -17 (base 14) in base 13?
-18
Convert 108 (base 9) to base 16.
59
Convert -32 (base 6) to base 14.
-16
1 (base 14) to base 16
1
Convert 102002 (base 3) to base 10.
299
What is 35 (base 13) in base 5?
1